q.
71
Let y(d) = 13*d - 9. List the prime factors of y(7).
2, 41
Suppose -14*q + 6*q = -88. List the prime factors of q.
11
Suppose 2*b + 2*r = 6*r - 18, 16 = -4*b + 4*r. Suppose 4*g = -2*o + 58, g - 26 = -g + 2*o. Suppose a = g + b. What are the prime factors of a?
3, 5
Let n = -2 + 4. Suppose -3 = n*i - 3*i. Suppose s = -3*u + 16, 0 = 4*s - 0*u + i*u - 55. What are the prime factors of s?
13
Suppose 0 = -5*l + 4*l. Suppose -2*w = 4*j + 2, j - 2*w + l - 2 = 0. Let y = 12 + j. List the prime factors of y.
2, 3
Let l = 42 + -25. Suppose a + l = 2*c, 0 = 2*c - 5*c - 4*a + 31. List the prime factors of c.
3
Suppose -370 = -2*m - 4*i, 0 = 2*m + i - 622 + 255. What are the prime factors of m?
3, 61
Let h(m) = m**2 - 10*m - 1. List the prime factors of h(13).
2, 19
Let j(m) = 7*m**2. Suppose -2*h + 3*h - 1 = 0. List the prime factors of j(h).
7
Suppose -3*s + 3*m = -4*s + 113, -s + 3*m = -83. List the prime factors of s.
2, 7
Suppose -3*w = 5*u - 66 - 988, -2*w = -2*u + 412. Suppose -u = -5*s - 29. List the prime factors of s.
2, 3
Let r = 8 - 8. Suppose 0 = 4*h - 0*h + 5*j - 89, 5*h + j - 106 = r. List the prime factors of h.
3, 7
Let k = -1 - -10. What are the prime factors of k?
3
Let c = -5 - -11. Suppose u = 4*w - 13 - c, 0 = 3*w + u - 23. Let q(v) = v**3 - 6*v**2 + 2*v - 7. What are the prime factors of q(w)?
5
Let j(o) = o**3 + 6*o**2 - 10*o + 13. List the prime factors of j(-7).
2, 17
Let g(o) = 2*o**2 - 8*o + 3. List the prime factors of g(-6).
3, 41
Suppose -m = 4*m. Let t be m - 0 - (-10)/5. Suppose -4*s + 3*z + 14 = 0, -4*s + 5*z = -8 - t. List the prime factors of s.
5
Suppose 0 = 2*t + t. Suppose 3 = -t*r - 3*r, -r = -f + 9. Suppose -c = -4*c - 6, -2*k - 2*c + f = 0. List the prime factors of k.
2, 3
Suppose 0 = -q + 12 - 0. What are the prime factors of q?
2, 3
Let b be 0*(0 - -3 - 2). Suppose 4*d - 4*s - 96 = b, -2*d - d - 4*s = -44. Suppose 0 = -4*j - 2*a + d, j = -3*a + a + 8. List the prime factors of j.
2
List the prime factors of (-4 - -2)*-2 - -4.
2
Let m = 90 - 31. List the prime factors of m.
59
Suppose -5*n + 0*n = -730. What are the prime factors of n?
2, 73
Suppose -601 - 151 = -4*d. List the prime factors of d.
2, 47
Let w(j) be the second derivative of j**4/6 - 2*j**3/3 + j**2 - 2*j. Let t be (-2)/(-7) - (-57)/21. List the prime factors of w(t).
2
Let k be 3*1 - (-2 + 3). Suppose -7*z + 80 = -k*z. List the prime factors of z.
2
List the prime factors of (-56)/(-84) - 121*(-2)/6.
41
Suppose -z = -4*b - 160, 4*b = -3*z + 32 + 448. Suppose -z = 2*g - 7*g. What are the prime factors of g?
2
List the prime factors of (0 - (-17)/2)/((-5)/(-40)).
2, 17
Let p be (5 - 3) + -1 + 8. Let g = 20 - p. Suppose -2*v + v = -g. What are the prime factors of v?
11
Let g(l) = l**3 + 7*l**2 + 3*l + 1. Suppose -4*j + i = -4, 0*j - 14 = 3*j - 5*i. Suppose 2*p - 11 = 3*p + t, 4*t = j*p - 8. What are the prime factors of g(p)?
19
Suppose -2*k - 4*k + 930 = 0. What are the prime factors of k?
5, 31
Suppose 2 + 2 = 2*o. Suppose 10 + 0 = -3*k - 2*r, 5*k = -r - 5. Let x = k + o. What are the prime factors of x?
2
Suppose -5*b + 2*l = 28 - 104, 3*l - 6 = 0. List the prime factors of b.
2
Let p = 723 + -488. List the prime factors of p.
5, 47
Suppose -2*r = 2*i + r + 11, -3*i + r + 11 = 0. Suppose 0*u - i*u = -6. Suppose 0 = 6*g - 5*g - u. List the prime factors of g.
3
List the prime factors of ((-45)/(-10))/((-6)/(-8)).
2, 3
Let f(d) = 16*d + 48. List the prime factors of f(11).
2, 7
Let d(v) = 2*v**2 + 4*v - 3. What are the prime factors of d(2)?
13
Suppose 0 = 2*x - x - 4. Let c = 11 - x. List the prime factors of c.
7
Let y(t) = -t + 2. Suppose 3*s = 5*n - 11 + 1, 5*s + 2 = n. Let r be (n + -4)/(4/10). What are the prime factors of y(r)?
7
Let q = 86 - 8. Suppose -q + 30 = -2*w. What are the prime factors of w?
2, 3
Suppose -2 = -4*j - 6. Let n = j - 1. List the prime factors of n/(-8)*14*2.
7
Suppose 4 = 2*g - 0*g - 4*x, x + 6 = g. List the prime factors of g.
2, 5
Let g(z) = 5*z - 6. Let m be g(4). Let h = -10 + m. Suppose -h*n - n + 25 = 0. What are the prime factors of n?
5
Suppose 11*k + 1752 = 17*k. What are the prime factors of k?
2, 73
Suppose 0 = 4*t + 3*c + c - 12, -t + 4*c = 12. Suppose 5*j + 8 - 23 = t. What are the prime factors of 3*2 + j + -2?
7
Suppose -j = 2*m - 6*j + 27, 3*m = 2*j - 13. Let t be ((-1)/(-2)*0)/m. Suppose -5*s - 2*z + 19 = -0*s, -3*s + 2*z + 21 = t. What are the prime factors of s?
5
Let d = 31 - 45. What are the prime factors of (-80)/d + 14/49?
2, 3
Suppose -p + 63 = -2*p. Let o = p - -108. List the prime factors of o.
3, 5
Let r be (-1 - -3)/(-2) - -1. Suppose 2*m - 5*b + 13 = m, r = -5*b + 25. What are the prime factors of m?
2, 3
Suppose 0 = -u - 4*u + 1160. List the prime factors of u.
2, 29
Let c be 2/(-1) + 2 + 3. Let z = c + -1. What are the prime factors of z?
2
Suppose -5*a - 4*b + 2 = -8, -a - 2*b = -2. Suppose -t + 0*t - 23 = -a*u, 29 = 2*u - 3*t. List the prime factors of u.
2, 5
Let u = 40 - -60. List the prime factors of u.
2, 5
Let y(r) = -r**3 - 3*r - 3. What are the prime factors of y(-3)?
3, 11
Suppose -l = -a - 10, -4*l - a - 3*a = 0. Suppose -l*b + 54 = -r, -2*b - 3*b - 3*r = -58. List the prime factors of b.
11
Let o(i) = i**2 + i + 3. Let b be o(0). Suppose -4*q - 4*t + 15 = -b*t, -4*t + 9 = -q. Suppose d - 3 = 0, -q*n = -4*n + 3*d - 3. List the prime factors of n.
2, 3
Let a(j) = 3*j**2 + 1. Let g be a(3). Suppose g = 3*x + 2*x - 3*c, -2*x - 5*c = -5. What are the prime factors of x?
5
Let k be 8/12*(-9)/(-2). Suppose 3*n = n + k*q, 3*q = n. Suppose 5*w + 24 - 99 = n. List the prime factors of w.
3, 5
Let b = 8 + -8. Suppose -5*h - h + 42 = b. List the prime factors of h.
7
Suppose g = 2*g - 61. What are the prime factors of g?
61
Let f(s) = s**3 + 5*s**2 + 3*s - 1. Let p be ((-105)/(-28))/((-1)/4). Let w = p + 11. What are the prime factors of f(w)?
3
Suppose 3*q = 4*q - 3*c + 13, 3*q + c = 11. Suppose q*i - 4*i + 26 = 0. List the prime factors of i.
13
Let i = 113 + -41. Let m be 1/4 + 348/16. Suppose -5*k - m = -i. List the prime factors of k.
2, 5
Let w = -11 + 3. Let m(v) = 13*v - 1. Let z be m(-1). Let b = w - z. What are the prime factors of b?
2, 3
Suppose 3*h = -10 - 8. What are the prime factors of ((-27)/h)/(-3)*-10?
3, 5
Let c(y) = 2*y + 20. Let b be c(-9). Suppose x - 45 + 15 = b*j, 5*x - 164 = -4*j. List the prime factors of x.
2
Let k = -15 + 10. Let w be (k + 0)*(3 + -4). Suppose w*z = -4*f + 51, 3*f + 2*z = 4*z + 21. What are the prime factors of f?
3
What are the prime factors of 3*((-285)/(-9) - (-4 + 6))?
89
What are the prime factors of 32 + -29 + (1 - 1)/2?
3
Suppose 2*l - 8 = -2*l. What are the prime factors of l + (-4)/((-16)/52)?
3, 5
Let y = 394 + -257. What are the prime factors of y?
137
Let c(i) = -7*i - 5. Let v(q) = -1. Let z(y) = -c(y) + 5*v(y). What are the prime factors of z(6)?
2, 3, 7
Suppose 0 = -84*b + 85*b + 10. Let q be 4/(-6)*(1 + -37). Let v = b + q. List the prime factors of v.
2, 7
Suppose -23*k - 546 = -26*k. List the prime factors of k.
2, 7, 13
Let f be (-7)/21 - 34/6. Let s(a) = -a**2 - 9*a - 6. List the prime factors of s(f).
2, 3
Suppose 2*q = -2*q + 8. Suppose 5*i = q*i + 12. Let g(m) = m**2 - 4*m + 6. List the prime factors of g(i).
2, 3
List the prime factors of (-1238)/(-8) - (-9)/(-12).
2, 7, 11
What are the prime factors of (-6520)/(-100) - 8/(-10)?
2, 3, 11
Let x be 2 - (7 - 1 - 3). List the prime factors of 1 - (x + 0 + -19).
3, 7
Let t(r) = -r**2 - 9*r - 7. Let v be t(-6). Suppose v - 33 = -2*h. What are the prime factors of h?
11
Suppose -15 = -2*l + 63. What are the prime factors of l?
3, 13
Let h be (3/(-2))/((-12)/16). Suppose 0 = h*r - 21 - 29. List the prime factors of r.
5
Let v(d) = d**3 + 5*d**2 + 4*d + 2. Let i be v(-4). Suppose -i*b - 3*t = -9 - 9, 21 = 3*b + 3*t. What are the prime factors of b?
3
Let o(x) = 36*x**3 - 1. Let u be o(1). Let b = u - 13. What are the prime factors of b?
2, 11
Suppose 2*i + 5*x + 134 = -2*i, -4*i = 2*x + 140. Let z = i + 81. List the prime factors of z.
3, 5
Suppose -x = 3*f - 28, 3*x - 13 = -4*f + 21. Suppose 4*y - 2 = f. List the prime factors of y.
3
Let p be (-17)/4 + (-2)/(-8). Let t(r) = r**2 + 2*r - 3. Let y be t(p). Suppose 4*x - g = 21 - 9, y*g = 20. What are the prime factors